e greatest common factor of t and 1.
1
Let r(k) = 2*k**2 - 8*k - 11. Let x be r(-7). What is the highest common divisor of 13 and x?
13
Let k(u) = 30*u**3 + 1. Let t be k(1). Let s = t + -22. Calculate the highest common factor of s and 99.
9
Let g = 103 + -48. Let n = 54 - 32. What is the greatest common factor of n and g?
11
Suppose 2*o - 240 = i, -2*i = -o - 0*o + 123. Let v(q) = 2*q - 8. Let f be v(6). Let y be 702/42 + f/14. Calculate the highest common divisor of y and o.
17
Suppose 2*g - 29 = 15. Let r be 1/(2*(-3)/30). Let o = r + 7. What is the highest common divisor of g and o?
2
Suppose -3*k - 40 = 5. Let s be (6/k)/(1/(-20)). Let r(d) = d**2 + 7*d + 2. Let j be r(-7). Calculate the greatest common divisor of s and j.
2
Let d(a) = 6*a. Let j(v) = v. Let k(x) = d(x) - 5*j(x). Let c be k(4). Let g be (1 + -4 + 9)*c. Calculate the highest common divisor of g and 8.
8
Suppose -2080 = -15*m - 5*m. What is the greatest common factor of 26 and m?
26
Let p = 29 + -10. What is the greatest common divisor of 171 and p?
19
Let p = 15 - 13. Suppose 0 = -p*u + 4*a + 556, 4*u - 3*a - 1096 = a. What is the greatest common factor of u and 30?
30
Let k(s) = s**2 + 6*s + 9. Let w be k(-6). Suppose -6 = d - w. Suppose -76 + 7 = -d*h. Calculate the highest common factor of h and 92.
23
Suppose 26 + 4 = -3*p. Let d = 25 + p. Let l = 3 - 0. Calculate the highest common factor of d and l.
3
Let c be (-3)/(12/476*-1). Calculate the highest common factor of 17 and c.
17
Suppose -2*u + 240 = 2*u. Suppose 5*d + 3*n - u = 0, -5*d = 5*n - 66 + 6. Calculate the highest common factor of d and 4.
4
Let a(q) = 4*q + 2. Let y be a(2). What is the highest common divisor of y and 4?
2
Let n = -121 + 176. Calculate the highest common divisor of 440 and n.
55
Let r = 18 - 9. Calculate the greatest common factor of 63 and r.
9
Let p(k) = 2*k - 10. Let v be p(6). Calculate the greatest common factor of v and 32.
2
Suppose 41 = 4*x - 471. Let f = -1 + 4. Suppose 0 = f*c - 49 + 1. Calculate the greatest common divisor of c and x.
16
Suppose -4*y + 21 = -3. Calculate the highest common factor of 30 and y.
6
Let z be (-6)/2 - (-1 + -9). Let g = -69 - -104. What is the greatest common factor of z and g?
7
Suppose 2*i = -i. Suppose j + 2*u - 40 = i, 3*j = j - 2*u + 70. Calculate the greatest common divisor of j and 20.
10
Suppose 0 = 5*z - 2*u + 57 - 411, -4*z = 4*u - 272. Calculate the greatest common divisor of z and 28.
14
Suppose 8*y = 5*y + 147. Calculate the highest common divisor of 7 and y.
7
Suppose 565 = 3*q - l, -3*l + 949 = 5*q - l. Let r = 60 - 39. What is the greatest common factor of q and r?
21
Suppose 3*u - 106 - 20 = 0. Calculate the highest common factor of 63 and u.
21
Let p(k) = 2*k + 5*k + 13*k. Let b(s) = s**2 - 14*s + 15. Let o be b(13). Let r be p(o). Calculate the highest common factor of r and 16.
8
Let d = -37 + 52. Let b be 1 + 132/1 + 2. What is the greatest common factor of b and d?
15
Suppose 7*j - 9*j = 28. Let m = j + 64. Calculate the highest common factor of 25 and m.
25
Let t(r) = r**2 + 3*r**2 - 3*r**2. Let o(h) = 26*h**2 - h - 2. Let p(c) = o(c) - 2*t(c). Let a be p(-2). Calculate the highest common divisor of a and 12.
12
Let b(l) = l**3 - 10*l**2 - 11*l + 13. Let h = -11 + 22. Let t be b(h). Calculate the highest common divisor of t and 13.
13
Let g = 53 - 49. Calculate the greatest common factor of g and 4.
4
Let b = -21 - -31. Calculate the highest common divisor of b and 2.
2
Let p be (-4)/3*6/(-4). Let b(m) = m**3 - 7*m**2 + 9*m - 4. Let f(u) = u**2 - u. Let j be f(-2). Let z be b(j). What is the greatest common factor of p and z?
2
Let n = -2 - -22. Suppose -w = 3*p - 0*w - 485, 5*p + w - 805 = 0. What is the greatest common divisor of n and p?
20
Let g(o) = -o - 3. Let y be g(-5). Calculate the highest common divisor of 4 and y.
2
Let d(o) = 13*o**3 - 2*o**2 + 5*o - 2. Let r be d(1). Calculate the greatest common divisor of 49 and r.
7
Let r be (1 + -1 - 1)*-12. Let o(z) = 3*z**2 - z + 6. Let a be o(6). Calculate the highest common factor of r and a.
12
Suppose 13 = 3*q - 176. Calculate the greatest common factor of 7 and q.
7
Suppose 3*y + 9 = m - 6, 0 = -3*m + y + 77. Let t = m - 17. What is the highest common factor of 50 and t?
10
Let a be ((-49)/(-21))/((-1)/(-282)). Suppose 2*r + 526 = 4*n, -4*n + 2*r + a = n. Calculate the highest common factor of n and 12.
12
Let q(x) be the third derivative of -x**6/120 - 7*x**5/30 - 13*x**4/24 + 4*x**3/3 + 4*x**2. Let u be q(-13). Calculate the greatest common divisor of 1 and u.
1
Let l be 0 + 29 - (11 + -12). What is the highest common divisor of 10 and l?
10
Let v(h) = h + 3. Let b be v(-7). Let s = b - -5. Calculate the highest common factor of s and 2.
1
Let u = -185 - -269. What is the highest common factor of 14 and u?
14
Let m = -14 - -7. Let a(i) = -i**3 - 6*i**2 + 4*i - 14. Let q be a(m). What is the highest common factor of 56 and q?
7
Let h be (-2)/4*(0 - 22). Calculate the greatest common factor of h and 1.
1
Let j be (-174)/(-15) - 2/(-5). Calculate the highest common divisor of j and 132.
12
Let a be 2/((-6)/(-21)) - 1. Suppose -2*s = -a*s + 64. What is the greatest common factor of s and 4?
4
Let i be (-1)/((-3)/(-22))*(-315)/30. Calculate the greatest common divisor of i and 7.
7
Let j(q) = -2*q**3 - 32*q**2 - 2*q - 29. Let n be j(-16). What is the greatest common factor of 39 and n?
3
Let v(b) be the third derivative of b**6/120 - 17*b**5/60 + 17*b**4/24 - 7*b**3/3 - 3*b**2. Let i be v(16). What is the greatest common factor of i and 10?
2
Let r = -7 + 11. Suppose 0 = 3*g - 5*p + 28, -p + 15 = 2*p. Let q be 0 - -1 - (g + -2). Calculate the greatest common factor of q and r.
4
Let u = -23 - -40. What is the greatest common divisor of 153 and u?
17
Suppose -5*u - 38 = -158. Calculate the highest common divisor of u and 3.
3
Let d be 78/(-208) - (-2438)/16. What is the greatest common factor of d and 19?
19
Suppose 90 = 5*r + 3*q + q, -q = 4*r - 72. Let b(i) = -i**2 + 30*i - 54. Let d be b(28). Calculate the highest common factor of r and d.
2
Let x(i) = i - 1. Let v be x(5). Suppose -5*z = 23 + 37. Let l be (z/(-16))/(2/96). What is the highest common divisor of l and v?
4
Suppose 5*q - 43 = 27. Calculate the highest common factor of 14 and q.
14
Suppose -2*o = -4*a - 14, -o + 4*a = -0*o - 9. Let f(c) = 9*c - 1. Let z be f(1). Suppose 5*u - 2 - z = 0. Calculate the greatest common divisor of o and u.
1
Suppose 2*j - 40 = -3*f, 3*j + 17 = -f + 2*f. Let p(z) = 2*z**2 - z + 1. Let y be p(2). What is the highest common factor of y and f?
7
Suppose o - 5*k = -21, -3*o - 2*k + 14 = -2*o. Let z = 10 - 11. Let i be 6*z/2 + 15. What is the greatest common divisor of i and o?
4
Suppose -11 - 31 = -3*o. Suppose 4*m - 13 = 4*f - 65, 0 = 4*f + m - 47. Let x be (-4)/f - (-43)/3. Calculate the greatest common factor of o and x.
14
Let l(g) = -9*g - 4. Let f be l(-2). Let m = f - 9. Calculate the greatest common divisor of 2 and m.
1
Let j(l) = l**3 - 6*l**2 - 7*l + 9. Let y be j(8). Calculate the highest common divisor of y and 27.
27
Let m(h) = -h**3 - 5*h**2 - 3*h + 3. Let r = -2 + -3. Let i be m(r). Calculate the greatest common divisor of 45 and i.
9
Let b(g) = g**3 - 4*g**2 + 3*g - 13. Let z be 6/15 + (-66)/(-10). Let y be b(z). What is the highest common divisor of 62 and y?
31
Suppose 0 = v - 3 + 4. Let r = -4 + v. Let k(p) = -4*p - 5. Let i be k(r). What is the greatest common divisor of 135 and i?
15
Suppose -x + 55 = 4*x. Let n be 18/(-21) - 2/14. Let z be 9 + 0 - (n - 1). Calculate the greatest common factor of z and x.
11
Let n be (-10)/(-4)*4*-1. Suppose 0*x = x + 16. Let m = n - x. Calculate the greatest common divisor of m and 2.
2
Let j(z) = z**2 + 5*z - 1. Let b(g) = -g**2 + 8*g - 3. Let o be b(7). Let c be j(o). What is the greatest common factor of c and 7?
7
Let b = 3 - 3. Suppose b = -3*t + 9 + 3. Let w be (2/t)/((-4)/(-128)). What is the greatest common factor of w and 40?
8
Let c(q) be the first derivative of 40*q**3 + q**2/2 + q - 1. Let b be c(-1). Calculate the highest common factor of b and 15.
15
Let g(y) = 5*y**2 - 11*y - 48. Let z be g(-6). Let s be 27*(0 + (-2)/(-3)). What is the highest common divisor of z and s?
18
Let c = -6 - -36. What is the great